Let x be 320/96*(-351)/(-5). What is the greatest common divisor of x and 26?
26
Let d(s) = -2*s**2 + 4*s + 2. Let i be d(6). Let m be (0 + 1)/((-2)/i). Suppose -2*j - m = -113. What is the greatest common divisor of j and 9?
9
Suppose d = -4*d + 20. Let m = d + -1. Suppose 4*p - 17 = 5*o, -3*o + 1 = 2*p + 2*o. What is the greatest common divisor of p and m?
3
Let d be (-229)/(-7) - (-1)/((-21)/(-6)). Suppose 0 = -5*i + 120 - 10. Calculate the highest common factor of i and d.
11
Suppose -11*n + 16*n - 50 = 0. What is the greatest common divisor of n and 2?
2
Suppose 3*d - 5*d + 5*t - 10 = 0, 0 = 5*d + 4*t + 25. Let x be (3 + 19/d)*-10. Let h(p) = 2*p - 7. Let v be h(x). What is the highest common factor of 27 and v?
9
Let a(d) = 2*d**2 + d + 1. Let x be a(3). What is the highest common divisor of 11 and x?
11
Suppose -45*u + 41*u = -28. Suppose -4*j = -c - 0*c + 23, 5*j + 6 = -2*c. Calculate the highest common divisor of u and c.
7
Suppose -v - 1 - 1 = 0. Let a = 0 - v. Suppose 0 = -3*b - a*b + 660. Calculate the greatest common divisor of b and 12.
12
Let a be (((-63)/6)/(-3) - 2)*54. Calculate the greatest common factor of a and 27.
27
Suppose 5*o + 3*x - 38 = 0, 4*o - 12 - 13 = 3*x. Calculate the greatest common factor of 161 and o.
7
Let a(j) = -11*j - 4. Let x be a(11). Let g = x - -301. What is the highest common factor of g and 16?
16
Suppose 4*m - 69 = 3. Suppose 0 = -4*z + 2*z + 8. Suppose z*n + n = w + m, 6 = -5*w + 4*n. Calculate the greatest common divisor of w and 10.
2
Let r be -4*2/20*-30. Calculate the highest common factor of r and 20.
4
Let j(i) = i**2 - i + 7. Let z be j(0). Let r be 0*((-14)/(-4))/(-7). Suppose -2*n - n + 189 = r. What is the highest common divisor of n and z?
7
Let i = 44 - -99. Let k(y) = y**2 + 3*y + 13. Let r be k(0). Calculate the greatest common factor of r and i.
13
Let l(a) = 21*a - 1. Let r = 5 + -6. Let u be l(r). Let y = 33 + u. What is the greatest common factor of 1 and y?
1
Let i = 101 - 81. Calculate the greatest common factor of 50 and i.
10
Suppose 0 = -4*f - 0*w - 2*w + 16, 5*f = 4*w + 20. Suppose -172 = v - 3*v. Let g = v - 50. What is the highest common divisor of f and g?
4
Suppose 4*p - 8*p + 72 = 0. Suppose -10 = -3*i + 2. Suppose 0 = s - i*m - 43, 3*s = -5*m + 3*m + 73. What is the highest common factor of s and p?
9
Suppose -6*m - c = -2*m - 60, 75 = 5*m - c. Calculate the greatest common divisor of 30 and m.
15
Suppose -2*r + 110 = -m + 4*m, 5*m + 2*r = 182. Let q be 14 + 1 + -1 - 2. Calculate the greatest common divisor of m and q.
12
Let u(o) = -o**2 + 3*o + 2. Let q be u(2). Let c be (70/q)/(7/14). Calculate the greatest common factor of 7 and c.
7
Let s = 15 + -11. Suppose 0 = -s*i + 28 + 20. What is the highest common divisor of i and 12?
12
Suppose 0 = 3*o - 41 + 17. Let b = 20 - 16. Suppose -3*w = 3*c - 255, -4*w - 2*c + b*c + 358 = 0. Calculate the highest common divisor of w and o.
8
Let x(o) = -9*o**3 - 2*o**2 - 3*o. Let g be x(-2). What is the highest common divisor of g and 28?
14
Suppose -126 = 5*k - 0*k - 3*p, -5*k + 5*p - 130 = 0. Let s = -9 - k. Let d = -49 - -52. Calculate the greatest common divisor of s and d.
3
Suppose 2*n = 31 + 1. Calculate the greatest common factor of n and 24.
8
Let l(h) = 7*h - 74. Let u be l(18). What is the greatest common divisor of u and 130?
26
Let r be 7/(3 + (-29)/10). Calculate the greatest common factor of 14 and r.
14
Suppose -33 + 7 = -2*t. What is the greatest common factor of t and 104?
13
Suppose 4*w = -w - 5*x, -2*w = -4*x. Suppose w*g = -3*g + 42. Calculate the highest common factor of 84 and g.
14
Let h(w) = w**3 + w**2 + w - 63. Let n be h(0). Let q = 95 + n. Calculate the greatest common divisor of 16 and q.
16
Let c = 14 - -43. Suppose 0 = -5*t + 63 + c. Suppose 4*x - 3*v = 6 + 54, -2*x - 3*v = -12. Calculate the highest common divisor of t and x.
12
Suppose -20*d + 24*d = 64. What is the highest common divisor of d and 2?
2
Let u = 195 - 75. Calculate the greatest common divisor of u and 40.
40
Suppose 0 = 9*h - 11*h - 2. Let r be h/(-8)*6*84. Calculate the highest common factor of r and 42.
21
Let f be (-35)/(-21) - (-1)/3. Let r be (-1)/(f/4*-1). Let y be 1/(r/(-4)) - -102. What is the greatest common divisor of y and 20?
20
Let w = -5 + 5. Suppose 3*x - 43 = 2*f, -4*x - 4*f - f + 88 = w. What is the greatest common divisor of 17 and x?
17
Suppose -2*q - 5*o + 2 = -o, -4*q + 5*o + 43 = 0. Let a = q + -4. What is the greatest common divisor of a and 3?
3
Suppose -f + 3*o = 8, f - 6*f - 4*o - 40 = 0. Let c be 0 - 48/(f - -4). Let z be 2*1 + 58/1. Calculate the greatest common divisor of c and z.
12
Let q be 41 + 2 - (-2 + 0). What is the greatest common divisor of 5 and q?
5
Let b = -5 + -8. Let g = b + 28. What is the highest common divisor of g and 5?
5
Let k = 140 + -131. Calculate the greatest common divisor of 1 and k.
1
Let u(q) = -q**2 + 13*q - 15. Let d be u(11). Calculate the greatest common factor of 63 and d.
7
Let g = -15 - -23. Suppose -4*u = -2*u + g, -5*u - 32 = -2*a. Let b be a/9 - 79/(-3). What is the highest common divisor of 3 and b?
3
Suppose -105 = -0*q - 5*q. What is the greatest common factor of q and 3?
3
Let q be (16/(-6) + -1)*-3. Suppose 0 = j + g - q, 0 = 2*j - 5*g + 4*g - 25. Calculate the greatest common divisor of 84 and j.
12
Let y(n) = -4*n - 18. Suppose 4*f - 32 = 2*z, -7*z + 2*z = 3*f + 54. Let t be y(z). What is the greatest common divisor of t and 120?
30
Let s(l) = l**2 - 4*l + 4. Let v = 4 + 1. Let a be s(v). Calculate the highest common factor of 72 and a.
9
Let h = -874 - -1330. What is the greatest common divisor of h and 19?
19
Suppose -m + 15 = -4*b, -4*b + 13 = -2*m + 35. Suppose -y + m = -2. What is the highest common divisor of y and 81?
9
Suppose n + 0*n - 2 = 0. Suppose n*w = -2*l + 120, 3*w + 3*l - 5*l = 180. Calculate the greatest common divisor of 15 and w.
15
Let j = 80 + -54. Let q = -22 + 12. Let k = j + q. What is the highest common divisor of 24 and k?
8
Let c = -23 - 32. Let x be (42/10)/((-11)/c). Calculate the highest common factor of x and 168.
21
Suppose -3*d = d. Suppose d = 5*x - 0*x - 425. Suppose 5*p = -5*h + 80, -3*p - 6 = -3. What is the highest common divisor of h and x?
17
Let c(f) = -2*f + 18. Let i be c(-13). Calculate the highest common factor of 4 and i.
4
Let d = 3 + -1. Suppose -2*t + 2*g + 46 = 0, 2*g + 59 = 5*t - 41. What is the greatest common factor of d and t?
2
Suppose 0 = -3*g + 4*g + 2*n - 15, -5*g = -3*n - 49. Calculate the greatest common factor of 77 and g.
11
Let i(a) = -3*a - 14. Let c be i(-7). What is the greatest common factor of 14 and c?
7
Let z = -6 - -4. Let n be -3 + 5 - z*1. Calculate the greatest common factor of 12 and n.
4
Suppose 8 = 3*k - k, 2*k - 328 = -4*n. Let b(h) = -2*h**3 - 4*h**2 + 2*h + 4. Let z be b(-3). What is the greatest common factor of z and n?
16
Let a = -104 + 106. Calculate the highest common factor of a and 2.
2
Let k(x) = 73*x + 0 + 1 - 2. Let y(t) = -2*t - 1. Let h be y(-1). Let o be k(h). What is the greatest common factor of o and 8?
8
Let r be (16/(-6))/((-3)/198). Let g(j) = -j + 22. Let b be g(0). What is the highest common factor of r and b?
22
Let q(k) = -2 + 0*k - 5*k - k + 2*k. Let g be q(-8). Suppose 0*s = -3*s + g. What is the highest common factor of s and 2?
2
Let h be (-6 - 0)/(2/(-2)). Let a be 28/6 - (-14)/(-21). Suppose -2*f - 326 = -5*p, -4*f = a*p - f - 270. Calculate the highest common factor of p and h.
6
Let c(k) = k**3 - 7*k**2 + 4*k + 8. Let s be c(6). Let y be (-10)/s*(-8)/(-10). What is the highest common divisor of y and 2?
2
Let f be (-28)/6*21/(-2). Let n = -29 + f. What is the greatest common divisor of 8 and n?
4
Let f(o) = -5*o. Let b be f(-7). Let h = 82 - b. Let j = -23 + h. What is the greatest common divisor of 3 and j?
3
Suppose 3*v - 6*v = 21. Let o = v - 5. Let r be (o/(-8))/(2/4). What is the highest common divisor of 3 and r?
3
Let l be ((-72)/(-7))/(-3 - (-88)/28). Calculate the highest common factor of 8 and l.
8
Let m = -5 - -9. Let t be 74 + m - (-3 + 1). What is the highest common divisor of 10 and t?
10
Let o(a) be the third derivative of a**4/12 + a**3/2 + a**2. Let v be o(4). Suppose 13 = 2*z - v. Calculate the greatest common factor of 30 and